{"id":1995,"date":"2025-07-13T11:33:34","date_gmt":"2025-07-13T11:33:34","guid":{"rendered":"http:\/\/tabeavirginia.de\/?page_id=1995"},"modified":"2025-07-30T11:33:06","modified_gmt":"2025-07-30T11:33:06","slug":"about","status":"publish","type":"page","link":"https:\/\/tabeavirginia.de\/?page_id=1995","title":{"rendered":"About"},"content":{"rendered":"\t\t<div data-elementor-type=\"wp-page\" data-elementor-id=\"1995\" class=\"elementor elementor-1995\" data-elementor-post-type=\"page\">\n\t\t\t\t\t\t<section class=\"elementor-section elementor-top-section elementor-element elementor-element-4f30228a elementor-section-content-middle elementor-section-boxed elementor-section-height-default elementor-section-height-default\" data-id=\"4f30228a\" data-element_type=\"section\">\n\t\t\t\t\t\t<div class=\"elementor-container elementor-column-gap-no\">\n\t\t\t\t\t<div class=\"elementor-column elementor-col-50 elementor-top-column elementor-element elementor-element-1c7ea575\" data-id=\"1c7ea575\" data-element_type=\"column\">\n\t\t\t<div class=\"elementor-widget-wrap elementor-element-populated\">\n\t\t\t\t\t\t<div class=\"elementor-element elementor-element-68be985 elementor-widget elementor-widget-image\" data-id=\"68be985\" data-element_type=\"widget\" data-widget_type=\"image.default\">\n\t\t\t\t<div class=\"elementor-widget-container\">\n\t\t\t\t\t\t\t\t\t\t\t\t\t\t\t<img fetchpriority=\"high\" decoding=\"async\" width=\"765\" height=\"1024\" src=\"https:\/\/tabeavirginia.de\/wp-content\/uploads\/2025\/07\/IMG_4348-765x1024.jpg\" class=\"attachment-large size-large wp-image-2125\" alt=\"\" srcset=\"https:\/\/tabeavirginia.de\/wp-content\/uploads\/2025\/07\/IMG_4348-765x1024.jpg 765w, https:\/\/tabeavirginia.de\/wp-content\/uploads\/2025\/07\/IMG_4348-224x300.jpg 224w, https:\/\/tabeavirginia.de\/wp-content\/uploads\/2025\/07\/IMG_4348-768x1029.jpg 768w, https:\/\/tabeavirginia.de\/wp-content\/uploads\/2025\/07\/IMG_4348-1147x1536.jpg 1147w, https:\/\/tabeavirginia.de\/wp-content\/uploads\/2025\/07\/IMG_4348.jpg 1170w\" sizes=\"(max-width: 765px) 100vw, 765px\" \/>\t\t\t\t\t\t\t\t\t\t\t\t\t\t\t<\/div>\n\t\t\t\t<\/div>\n\t\t\t\t\t<\/div>\n\t\t<\/div>\n\t\t\t\t<div class=\"elementor-column elementor-col-50 elementor-top-column elementor-element elementor-element-33c25076\" data-id=\"33c25076\" data-element_type=\"column\">\n\t\t\t<div class=\"elementor-widget-wrap elementor-element-populated\">\n\t\t\t\t\t\t<div class=\"elementor-element elementor-element-355e3339 elementor-widget elementor-widget-heading\" data-id=\"355e3339\" data-element_type=\"widget\" data-widget_type=\"heading.default\">\n\t\t\t\t<div class=\"elementor-widget-container\">\n\t\t\t\t\t<h1 class=\"elementor-heading-title elementor-size-default\">Ich bin nicht auf die Welt gekommen um leise zu sein.<\/h1>\t\t\t\t<\/div>\n\t\t\t\t<\/div>\n\t\t\t\t<div class=\"elementor-element elementor-element-59aad2b0 elementor-widget elementor-widget-text-editor\" data-id=\"59aad2b0\" data-element_type=\"widget\" data-widget_type=\"text-editor.default\">\n\t\t\t\t<div class=\"elementor-widget-container\">\n\t\t\t\t\t\t\t\t\t<p>Schon als Kind sp\u00fcrte ich in mir eine Kraft, die nicht zu b\u00e4ndigen war. Neugierig, mutig, voller Fragen.<br \/>Meine Kunst ist mein Ausdruck. Wenn Worte fehlen, spreche ich mit Licht, Form, K\u00f6rper und Farbe.<\/p><p>\u00a0<\/p><p><b>Meine Kunst ist Protest.<br \/>Aber auch Trost.<br \/>Ein Spiegel.<br \/>Ein Aufbruch.<\/b><\/p><p>\u00a0<\/p><p>Ich hinterfrage, was uns als \u201enormal\u201c verkauft wird. Ich glaube nicht an klare Grenzen, nicht bei Geschlecht, nicht bei Rollen, nicht bei Identit\u00e4t.<br \/>Ich glaube an Vielfalt. An Zwischenr\u00e4ume. An das, was nicht einsortierbar ist.<\/p><p>\u00a0<\/p><p><b>Ich mache Kunst aus Emotion.<\/b><\/p><p>\u00a0<\/p><p>Aus Traurigkeit wird Sch\u00f6nheit.<br \/>Aus Wut wird Energie.<br \/>Meine Kreativit\u00e4t kommt aus dem, was weh tut und will genau dort ber\u00fchren, wo du f\u00fchlst.<\/p><p>Ich arbeite mit Drag, mit K\u00f6rpern, mit Poesie. Ich erschaffe Figuren, R\u00e4ume, Wesen.<br \/>Ich breche und setze wieder zusammen.<br \/>Ich erz\u00e4hle Geschichten ohne Worte.<\/p><p>\u00a0<\/p><p><b>Was du hier findest:<\/b><\/p><p>\u00a0<\/p><p>Bilder, die dich zum Innehalten bringen.<\/p><p>Kunst, die Schmerz sichtbar macht und Sch\u00f6nheit darin findet.<\/p><p>R\u00e4ume f\u00fcr queere Perspektiven, f\u00fcr Feminismus, f\u00fcr leise und laute Rebellion.<\/p><p>Arbeiten, die nicht erkl\u00e4ren, sondern f\u00fchlen lassen.<\/p><p>\u00a0<\/p><p>Ich lade dich ein, mit mir zu schauen, zu sp\u00fcren, zu hinterfragen.<br \/>Hier darf alles gleichzeitig sein: weich und w\u00fctend, zart und radikal, politisch und pers\u00f6nlich.<\/p><p>\u00a0<\/p><p><b>Willkommen in meiner Welt.<\/b><\/p>\t\t\t\t\t\t\t\t<\/div>\n\t\t\t\t<\/div>\n\t\t\t\t\t<\/div>\n\t\t<\/div>\n\t\t\t\t\t<\/div>\n\t\t<\/section>\n\t\t\t\t<section class=\"elementor-section elementor-top-section elementor-element elementor-element-c8d1705 elementor-section-boxed elementor-section-height-default elementor-section-height-default\" data-id=\"c8d1705\" data-element_type=\"section\">\n\t\t\t\t\t\t<div class=\"elementor-container elementor-column-gap-default\">\n\t\t\t\t\t<div class=\"elementor-column elementor-col-100 elementor-top-column elementor-element elementor-element-d0518a3\" data-id=\"d0518a3\" data-element_type=\"column\">\n\t\t\t<div class=\"elementor-widget-wrap elementor-element-populated\">\n\t\t\t\t\t\t<div class=\"elementor-element elementor-element-c50b0c6 elementor-widget elementor-widget-spacer\" data-id=\"c50b0c6\" data-element_type=\"widget\" data-widget_type=\"spacer.default\">\n\t\t\t\t<div class=\"elementor-widget-container\">\n\t\t\t\t\t\t\t<div class=\"elementor-spacer\">\n\t\t\t<div class=\"elementor-spacer-inner\"><\/div>\n\t\t<\/div>\n\t\t\t\t\t\t<\/div>\n\t\t\t\t<\/div>\n\t\t\t\t\t<\/div>\n\t\t<\/div>\n\t\t\t\t\t<\/div>\n\t\t<\/section>\n\t\t\t\t<\/div>\n\t\t","protected":false},"excerpt":{"rendered":"<p>Ich bin nicht auf die Welt gekommen um leise zu sein. Schon als Kind sp\u00fcrte ich in mir eine Kraft, die nicht zu b\u00e4ndigen war. Neugierig, mutig, voller Fragen.Meine Kunst ist mein Ausdruck. Wenn Worte fehlen, spreche ich mit Licht, Form, K\u00f6rper und Farbe. \u00a0 Meine Kunst ist Protest.Aber auch Trost.Ein Spiegel.Ein Aufbruch. \u00a0 Ich &hellip;<\/p>\n<p class=\"read-more\"> <a class=\"\" href=\"https:\/\/tabeavirginia.de\/?page_id=1995\"> <span class=\"screen-reader-text\">About<\/span> Weiterlesen &raquo;<\/a><\/p>\n","protected":false},"author":1,"featured_media":0,"parent":0,"menu_order":0,"comment_status":"closed","ping_status":"closed","template":"elementor_header_footer","meta":{"site-sidebar-layout":"default","site-content-layout":"default","ast-global-header-display":"","ast-main-header-display":"","ast-hfb-above-header-display":"","ast-hfb-below-header-display":"","ast-hfb-mobile-header-display":"","site-post-title":"","ast-breadcrumbs-content":"","ast-featured-img":"","footer-sml-layout":"","theme-transparent-header-meta":"","adv-header-id-meta":"","stick-header-meta":"","header-above-stick-meta":"","header-main-stick-meta":"","header-below-stick-meta":"","footnotes":""},"class_list":["post-1995","page","type-page","status-publish","hentry"],"_links":{"self":[{"href":"https:\/\/tabeavirginia.de\/index.php?rest_route=\/wp\/v2\/pages\/1995","targetHints":{"allow":["GET"]}}],"collection":[{"href":"https:\/\/tabeavirginia.de\/index.php?rest_route=\/wp\/v2\/pages"}],"about":[{"href":"https:\/\/tabeavirginia.de\/index.php?rest_route=\/wp\/v2\/types\/page"}],"author":[{"embeddable":true,"href":"https:\/\/tabeavirginia.de\/index.php?rest_route=\/wp\/v2\/users\/1"}],"replies":[{"embeddable":true,"href":"https:\/\/tabeavirginia.de\/index.php?rest_route=%2Fwp%2Fv2%2Fcomments&post=1995"}],"version-history":[{"count":25,"href":"https:\/\/tabeavirginia.de\/index.php?rest_route=\/wp\/v2\/pages\/1995\/revisions"}],"predecessor-version":[{"id":2552,"href":"https:\/\/tabeavirginia.de\/index.php?rest_route=\/wp\/v2\/pages\/1995\/revisions\/2552"}],"wp:attachment":[{"href":"https:\/\/tabeavirginia.de\/index.php?rest_route=%2Fwp%2Fv2%2Fmedia&parent=1995"}],"curies":[{"name":"wp","href":"https:\/\/api.w.org\/{rel}","templated":true}]}}